8?
2
What is the units digit of 56479?
9
What is the tens digit of 15035?
3
What is the units digit of 435?
5
What is the units digit of 2752?
2
What is the tens digit of 29845?
4
What is the tens digit of 3619?
1
What is the tens digit of 34755?
5
What is the hundreds digit of 327?
3
What is the hundreds digit of 2003?
0
What is the hundreds digit of 11789?
7
What is the thousands digit of 9163?
9
What is the units digit of 2352?
2
What is the units digit of 42731?
1
What is the units digit of 36326?
6
What is the hundreds digit of 66609?
6
What is the tens digit of 1151?
5
What is the tens digit of 520?
2
What is the tens digit of 1943?
4
What is the units digit of 3473?
3
What is the tens digit of 464?
6
What is the units digit of 744?
4
What is the hundreds digit of 3365?
3
What is the units digit of 7765?
5
What is the hundred thousands digit of 133872?
1
What is the thousands digit of 6060?
6
What is the units digit of 1767?
7
What is the hundreds digit of 4651?
6
What is the ten thousands digit of 52615?
5
What is the tens digit of 951?
5
What is the thousands digit of 4141?
4
What is the hundreds digit of 1884?
8
What is the units digit of 5664?
4
What is the tens digit of 4783?
8
What is the tens digit of 11323?
2
What is the units digit of 9607?
7
What is the ten thousands digit of 12751?
1
What is the tens digit of 6506?
0
What is the thousands digit of 9343?
9
What is the tens digit of 312?
1
What is the units digit of 7687?
7
What is the hundreds digit of 8523?
5
What is the hundreds digit of 2275?
2
What is the units digit of 46630?
0
What is the ten thousands digit of 153767?
5
What is the tens digit of 91?
9
What is the hundreds digit of 76215?
2
What is the units digit of 30?
0
What is the thousands digit of 5209?
5
What is the tens digit of 74347?
4
What is the hundreds digit of 148178?
1
What is the tens digit of 1128?
2
What is the thousands digit of 1323?
1
What is the thousands digit of 53057?
3
What is the tens digit of 27706?
0
What is the units digit of 473?
3
What is the tens digit of 16299?
9
What is the hundreds digit of 80977?
9
What is the units digit of 28543?
3
What is the hundreds digit of 379?
3
What is the hundreds digit of 864?
8
What is the units digit of 11812?
2
What is the hundreds digit of 12087?
0
What is the thousands digit of 52761?
2
What is the thousands digit of 2258?
2
What is the units digit of 190?
0
What is the units digit of 6?
6
What is the ten thousands digit of 135845?
3
What is the hundreds digit of 7993?
9
What is the thousands digit of 7679?
7
What is the units digit of 988?
8
What is the tens digit of 1050?
5
What is the thousands digit of 13324?
3
What is the thousands digit of 1090?
1
What is the thousands digit of 19512?
9
What is the tens digit of 5095?
9
What is the tens digit of 17643?
4
What is the tens digit of 458?
5
What is the hundreds digit of 686?
6
What is the units digit of 33351?
1
What is the units digit of 6737?
7
What is the thousands digit of 8702?
8
What is the ten thousands digit of 18074?
1
What is the tens digit of 26411?
1
What is the thousands digit of 3894?
3
What is the units digit of 3835?
5
What is the hundreds digit of 729?
7
What is the units digit of 26074?
4
What is the units digit of 80319?
9
What is the hundreds digit of 8312?
3
What is the hundreds digit of 7989?
9
What is the units digit of 120?
0
What is the tens digit of 3597?
9
What is the thousands digit of 23158?
3
What is the units digit of 1884?
4
What is the hundreds digit of 115944?
9
What is the hundreds digit of 21041?
0
What is the tens digit of 11802?
0
What is the hundreds digit of 5578?
5
What is the tens digit of 2712?
1
What is the units digit of 2483?
3
What is the thousands digit of 1140?
1
What is the hundreds digit of 8274?
2
What is the tens digit of 2857?
5
What is the hundreds digit of 4906?
9
What is the tens digit of 807?
0
What is the units digit of 940?
0
What is the hundreds digit of 16271?
2
What is the hundreds digit of 35398?
3
What is the units digit of 6974?
4
What is the tens digit of 875?
7
What is the hundreds digit of 4528?
5
What is the hundreds digit of 1020?
0
What is the hundreds digit of 15136?
1
What is the units digit of 55223?
3
What is the units digit of 3960?
0
What is the thousands digit of 12392?
2
What is the tens digit of 5525?
2
What is the ten thousands digit of 106737?
0
What is the ten thousands digit of 51815?
5
What is the thousands digit of 26037?
6
What is the hundreds digit of 6771?
7
What is the thousands digit of 32135?
2
What is the thousands digit of 5240?
5
What is the tens digit of 2623?
2
What is the hundreds digit of 96153?
1
What is the units digit of 17621?
1
What is the hundreds digit of 7929?
9
What is the thousands digit of 38984?
8
What is the hundreds digit of 782?
7
What is the hundreds digit of 1027?
0
What is the tens digit of 24?
2
What is the thousands digit of 2181?
2
What is the tens digit of 744?
4
What is the hundreds digit of 5765?
7
What is the thousands digit of 4844?
4
What is the units digit of 460?
0
What is the thousands digit of 34373?
4
What is the units digit of 228?
8
What is the thousands digit of 67171?
7
What is the tens digit of 75987?
8
What is the hundreds digit of 2183?
1
What is the units digit of 2830?
0
What is the tens digit of 588?
8
What is the units digit of 6119?
9
What is the thousands digit of 1212?
1
What is the tens digit of 3467?
6
What is the thousands digit of 16116?
6
What is the thousands digit of 10108?
0
What is the hundreds digit of 47686?
6
What is the ten thousands digit of 22663?
2
What is the tens digit of 8472?
7
What is the ten thousands digit of 26807?
2
What is the tens digit of 142?
4
What is the hundreds digit of 5372?
3
What is the units digit of 15907?
7
What is the hundreds digit of 2189?
1
What is the ten thousands digit of 15626?
1
What is the thousands digit of 3986?
3
What is the hundreds digit of 2631?
6
What is the units digit of 68275?
5
What is the tens digit of 2231?
3
What is the ten thousands digit of 132583?
3
What is the ten thousands digit of 16042?
1
What is the hundreds digit of 14077?
0
What is the tens digit of 2229?
2
What is the hundreds digit of 521?
5
What is the units digit of 28634?
4
What is the hundreds digit of 1005?
0
What is the units digit of 18904?
4
What is the thousands digit of 3062?
3
What is the units digit of 19371?
1
What is the hundreds digit of 148857?
8
What is the ten thousands digit of 20073?
2
What is the thousands digit of 29683?
9
What is the tens digit of 3119?
1
What is the ten thousands digit of 30030?
3
What is the tens digit of 748?
4
What is the units digit of 1880?
0
What is the hundreds digit of 5281?
2
What is the units digit of 5088?
8
What is the tens digit of 6532?
3
What is the tens digit of 2594?
9
What is the tens digit of 6064?
6
What is the thousands digit of 1092?
1
What is the hundreds digit of 1876?
8
What is the hundreds digit of 6705?
7
What is the hundreds digit of 508?
5
What is the tens digit of 2832?
3
What is the thousands digit of 4149?
4
What is the hundreds digit of 8438?
4
What is the units digit of 2371?
1
What is the thousands digit of 11791?
1
What is the units digit of 6256?
6
What is the ten thousands digit of 10425?
1
What is the units digit of 76183?
3
What is the units digit of 2172?
2
What is the units digit of 1260?
0
What is the hundreds digit of 3690?
6
What is the units digit of 2359?
9
What is the units digit of 699?
9
What is the tens digit of 401?
0
What is the tens digit of 91076?
7
What is the units digit of 2258?
8
What is the hundreds digit of 38700?
7
What is the hundreds digit of 2081?
0
What is the units digit of 187?
7
What is the ten thousands digit of 26006?
2
What is the units digit of 22020?
0
What is the tens digit of 1311?
1
What is the tens digit of 42?
4
What is the units digit of 13768?
8
What is the tens digit of 26497?
9
What is the tens digit of 30953?
5
What is the hundreds digit of 126655?
6
What is the units digit of 45811?
1
What is the tens digit of 10326?
2
What is the ten thousands digit of 49983?
4
What is the thousands digit of 85955?
5
What is the units digit of 19151?
1
What is the thousands digit of 20053?
0
What is the thousands digit o